of 2504.
2, 313
What are the prime factors of 1875?
3, 5
List the prime factors of 4291.
7, 613
What are the prime factors of 15158?
2, 11, 13, 53
What are the prime factors of 64030?
2, 5, 19, 337
List the prime factors of 3741.
3, 29, 43
What are the prime factors of 5727?
3, 23, 83
What are the prime factors of 27055?
5, 7, 773
List the prime factors of 760.
2, 5, 19
What are the prime factors of 58268?
2, 7, 2081
List the prime factors of 18267.
3, 6089
List the prime factors of 1858.
2, 929
What are the prime factors of 3172?
2, 13, 61
List the prime factors of 15247.
79, 193
List the prime factors of 15368.
2, 17, 113
List the prime factors of 13481.
13, 17, 61
List the prime factors of 110474.
2, 7, 13, 607
What are the prime factors of 134945?
5, 137, 197
What are the prime factors of 6595?
5, 1319
List the prime factors of 28284.
2, 3, 2357
List the prime factors of 2709.
3, 7, 43
What are the prime factors of 2956?
2, 739
List the prime factors of 12706.
2, 6353
List the prime factors of 18185.
5, 3637
What are the prime factors of 24402?
2, 3, 7, 83
List the prime factors of 9384.
2, 3, 17, 23
List the prime factors of 25542.
2, 3, 11, 43
What are the prime factors of 3700?
2, 5, 37
List the prime factors of 19313.
7, 31, 89
List the prime factors of 3398.
2, 1699
What are the prime factors of 3926?
2, 13, 151
What are the prime factors of 3503?
31, 113
List the prime factors of 2114.
2, 7, 151
List the prime factors of 24391.
24391
What are the prime factors of 65535?
3, 5, 17, 257
List the prime factors of 85325.
5, 3413
List the prime factors of 2559.
3, 853
List the prime factors of 914.
2, 457
List the prime factors of 13177.
13177
List the prime factors of 44486.
2, 13, 29, 59
What are the prime factors of 2789?
2789
What are the prime factors of 1484?
2, 7, 53
What are the prime factors of 59028?
2, 3, 4919
What are the prime factors of 1033?
1033
List the prime factors of 9672.
2, 3, 13, 31
What are the prime factors of 3736?
2, 467
What are the prime factors of 61574?
2, 17, 1811
List the prime factors of 1820.
2, 5, 7, 13
What are the prime factors of 6248?
2, 11, 71
What are the prime factors of 776?
2, 97
What are the prime factors of 2442?
2, 3, 11, 37
List the prime factors of 2493.
3, 277
List the prime factors of 3802.
2, 1901
What are the prime factors of 35928?
2, 3, 499
What are the prime factors of 480?
2, 3, 5
What are the prime factors of 5208?
2, 3, 7, 31
List the prime factors of 1221.
3, 11, 37
List the prime factors of 38852.
2, 11, 883
What are the prime factors of 12342?
2, 3, 11, 17
What are the prime factors of 3629?
19, 191
What are the prime factors of 3519?
3, 17, 23
List the prime factors of 716.
2, 179
List the prime factors of 6697.
37, 181
What are the prime factors of 1039?
1039
List the prime factors of 6424.
2, 11, 73
List the prime factors of 16968.
2, 3, 7, 101
What are the prime factors of 110655?
3, 5, 2459
List the prime factors of 22893.
3, 13, 587
List the prime factors of 62.
2, 31
List the prime factors of 36773.
11, 3343
What are the prime factors of 573?
3, 191
What are the prime factors of 80?
2, 5
What are the prime factors of 8631?
3, 7, 137
List the prime factors of 775.
5, 31
List the prime factors of 25636.
2, 13, 17, 29
What are the prime factors of 38522?
2, 11, 17, 103
What are the prime factors of 588?
2, 3, 7
List the prime factors of 24930.
2, 3, 5, 277
What are the prime factors of 9632?
2, 7, 43
List the prime factors of 1585.
5, 317
What are the prime factors of 2194?
2, 1097
List the prime factors of 141469.
193, 733
List the prime factors of 1102.
2, 19, 29
What are the prime factors of 887?
887
List the prime factors of 1356.
2, 3, 113
List the prime factors of 38707.
38707
List the prime factors of 33248.
2, 1039
What are the prime factors of 48839?
7, 6977
What are the prime factors of 2679?
3, 19, 47
List the prime factors of 91818.
2, 3, 5101
List the prime factors of 16232.
2, 2029
List the prime factors of 3255.
3, 5, 7, 31
What are the prime factors of 28094?
2, 11, 1277
List the prime factors of 75733.
7, 31, 349
What are the prime factors of 14109?
3, 4703
What are the prime factors of 1416?
2, 3, 59
What are the prime factors of 5644?
2, 17, 83
What are the prime factors of 53186?
2, 7, 29, 131
What are the prime factors of 12270?
2, 3, 5, 409
List the prime factors of 5525.
5, 13, 17
List the prime factors of 6933.
3, 2311
What are the prime factors of 4111?
4111
List the prime factors of 2263.
31, 73
List the prime factors of 1351.
7, 193
List the prime factors of 446.
2, 223
What are the prime factors of 5093?
11, 463
List the prime factors of 2063.
2063
What are the prime factors of 8812?
2, 2203
What are the prime factors of 981?
3, 109
What are the prime factors of 236?
2, 59
What are the prime factors of 33727?
29, 1163
What are the prime factors of 1757?
7, 251
What are the prime factors of 25864?
2, 53, 61
List the prime factors of 2495.
5, 499
List the prime factors of 80007.
3, 26669
List the prime factors of 481.
13, 37
What are the prime factors of 6026?
2, 23, 131
List the prime factors of 39189.
3, 13063
What are the prime factors of 654?
2, 3, 109
What are the prime factors of 26702?
2, 13, 79
List the prime factors of 26652.
2, 3, 2221
List the prime factors of 130297.
29, 4493
List the prime factors of 1833.
3, 13, 47
List the prime factors of 2363.
17, 139
List the prime factors of 9.
3
What are the prime factors of 798?
2, 3, 7, 19
What are the prime factors of 24700?
2, 5, 13, 19
List the prime factors of 11228.
2, 7, 401
What are the prime factors of 16169?
19, 23, 37
What are the prime factors of 15830?
2, 5, 1583
List the prime factors of 1034.
2, 11, 47
What are the prime factors of 898?
2, 449
List the prime factors of 10853.
10853
What are the prime factors of 10177?
10177
List the prime factors of 6368.
2, 199
List the prime factors of 18265.
5, 13, 281
List the prime factors of 1776.
2, 3, 37
What are the prime factors of 8798?
2, 53, 83
What are the prime factors of 61045?
5, 29, 421
List the prime factors of 4889.
4889
What are the prime factors of 6878?
2, 19, 181
List the prime factors of 1201.
1201
What are the prime factors of 38285?
5, 13, 19, 31
List the prime factors of 8425.
5, 337
What are the prime factors of 1185?
3, 5, 79
List the prime factors of 7014.
2, 3, 7, 167
List the prime factors of 1274.
2, 7, 13
What are the prime factors of 21699?
3, 2411
List the prime factors of 34.
2, 17
List the prime factors of 7803.
3, 17
List the prime factors of 2005.
5, 401
List the prime factors of 31237.
31237
What are the prime factors of 574?
2, 7, 41
What are the prime factors of 142699?
142699
What are the prime factors of 1845?
3, 5, 41
List the prime factors of 159.
3, 53
List the prime factors of 64591.
64591
What are the prime factors of 8987?
11, 19, 43
What are the prime factors of 184112?
2, 37, 311
List the prime factors of 8848.
2, 7, 79
List the prime factors of 662.
2, 331
List the prime factors of 5598.
2, 3, 311
List the prime factors of 3309.
3, 1103
List the prime factors of 1172.
2, 293
What are the prime factors of 59872?
2, 1871
What are the prime factors of 1166?
2, 11, 53
List the prime factors of 25843.
43, 601
List the prime factors of 735.
3, 5, 7
List the prime factors of 253.
11, 23
List the prime factors of 1757.
7, 251
What are the prime factors of 97367?
97367
List the prime factors of 3175.
5, 127
List the prime factors of 13492.
2, 3373
What are the prime factors of 2874?
2, 3, 479
List the prime factors of 6262.
2, 31, 101
What are the prime factors of 1255?
5, 251
List the prime factors of 17493.
3, 7, 17
What are the prime factors of 3722?
2, 1861
What are the prime factors of 8820?
2, 3, 5, 7
List the prime factors of 13559.
7, 13, 149
What are the prime factors of 95?
5, 19
What are the prime factors of 5961?
3, 1987
List the prime factors of 1144.
2, 11, 13
What are the prime factors of 10844?
2, 2711
What are the prime factors of 30972?
2, 3, 29, 89
List the prime factors of 624.
2, 3, 13
List the prime factors of 15234.
2, 3, 2539
List the prime factors of 3715.
5, 743
What are the prime factors of 1279?
1279
List the prime factors of 29928.
2, 3, 29, 43
List the prime factors 